h = j + 27. Suppose 31*p + h = 33*p. Calculate the highest common factor of 77 and p.
7
Let h = 22172 + -21796. Suppose -8 = -o - 0. What is the highest common divisor of h and o?
8
Suppose 3*c + 4 = 10. Suppose 5 = c*w - 3*w. Let x be 66/(-55)*3*w*2. What is the greatest common factor of 18 and x?
18
Let i = 4297 - 1647. What is the highest common factor of 25 and i?
25
Let c = -15862 - -16450. What is the greatest common divisor of 70 and c?
14
Let v be (871/52 - 15)*304. What is the greatest common divisor of 924 and v?
28
Suppose -4*v + 494 = y, -2356 = -9*y + 4*y - v. Calculate the highest common divisor of y and 20.
10
Let c = -188 + 192. Suppose -6*s + 44 = -c*s + 2*z, -72 = -3*s - z. What is the greatest common divisor of 400 and s?
25
Let t = -133 + 411. Let j = t - 194. Let g(s) = -6*s - 6. Let f be g(-3). Calculate the greatest common divisor of j and f.
12
Let k = -11548 + 11564. Let c = 14 - 2. What is the highest common factor of k and c?
4
Suppose -2*p - q = -166, 3*p + 5*q - 243 = -1. What is the greatest common factor of p and 406?
14
Suppose 552 = -0*n + 4*n. Suppose 0 = 8*m - 11*m + 2*h + 272, -5*m + 2*h = -456. Calculate the greatest common divisor of m and n.
46
Suppose -4*m = 2*k - 10500, 11 = 3*m + 20. Calculate the greatest common factor of 72 and k.
72
Let j be ((-2352)/(-20))/((-20)/(-50)). Suppose -18*v + 494 = -262. What is the greatest common factor of j and v?
42
Let l(g) = g**3 + 12*g**2 - g - 8. Let o be l(-12). Suppose -d = o*d. Suppose d = -4*y - 20, m - 8 = -3*m - 4*y. What is the greatest common factor of m and 35?
7
Let o(h) = -92*h + 9693. Let i be o(103). Calculate the highest common factor of i and 9331.
217
Let v = 34 + 355. Let r = -39 + v. What is the highest common factor of 100 and r?
50
Let r(s) = 4*s**2 - 11*s + 9. Let u(j) = -2*j - 46. Let k be u(-27). Let n be r(k). What is the greatest common divisor of n and 59?
59
Suppose 0 = y, -5*z - 4*y - 70 = -260. Suppose 0 = -3*d + 307 - 79. Calculate the greatest common factor of d and z.
38
Let o = 305 - -191. Calculate the highest common divisor of 2852 and o.
124
Suppose 2 = 2*v + r + 4, -2*r = -v + 4. Let s be (6 + v)*(-64)/(-3). Suppose 2*d + 22 = 2*c, -d = -4*c + d + 54. What is the highest common divisor of s and c?
16
Let g(w) = 29*w + 39. Let n be g(-9). Let z be 4/((-8)/n) - -4. What is the greatest common divisor of 23 and z?
23
Suppose -2*l - 36 = -118. Let d(x) = 40*x**2 + 211*x - 32. Let u be d(-7). Calculate the greatest common divisor of u and l.
41
Suppose -10*i = -451 + 91. Let k be (40/24 - 0)*i. Calculate the greatest common divisor of k and 70.
10
Let v(b) = -42*b + 6. Let h(a) = 2*a - 1. Let k(w) = 3*h(w) + 3*v(w). Let n be k(-2). What is the greatest common divisor of 204 and n?
51
Suppose 0 = 7*y - 7 - 28. Suppose y*i - 519 + 121 = d, d + 78 = i. Calculate the greatest common divisor of i and 16.
16
Let x be ((-80)/(-10) + 5)*(2 - -69). Calculate the highest common factor of 71 and x.
71
Suppose 3463 = 12*g + 2743. What is the highest common divisor of 708 and g?
12
Let n(y) = -y + 115. Let a be n(0). Let h be ((-36)/(-5))/((-23)/a). Let u be 2/9 + (-3016)/h. Calculate the highest common factor of 21 and u.
21
Suppose -24*v + 29*v = 75. Let z be ((-40)/v)/(1/(3/(-2))). Suppose -j - 127 = -z*w + 32, 168 = 4*w - 4*j. What is the greatest common factor of w and 13?
13
Let c(z) = 718*z - 289. Let a be c(1). Calculate the greatest common factor of a and 234.
39
Let f(d) = -35*d - 26. Let i be f(-5). Suppose 8*l + 91 + i = 0. Let m = l - -46. Calculate the greatest common divisor of 144 and m.
16
Suppose 17*s - 1710 = -333. Calculate the greatest common divisor of s and 27.
27
Suppose -71*v - 27*v + 166944 = -50*v. What is the highest common factor of 222 and v?
74
Let a = 12 + -29. Let n = a + 19. Suppose -3*j + n*l - 23 + 153 = 0, l + 2 = 0. What is the greatest common divisor of 6 and j?
6
Suppose 2*v - 552 = 3*r - v, 0 = -v - 5. Let p = r + 213. What is the highest common divisor of 108 and p?
12
Let a = -54 + 129. Let c be (1*-1*-1)/((-83)/((-394250)/38)). What is the highest common divisor of a and c?
25
Suppose 95 = -27*w + 51*w + 71. What is the greatest common divisor of w and 131?
1
Let a(m) = 2*m**2 - 9*m - 44. Let d be a(-6). Calculate the greatest common factor of d and 23411.
41
Let w be (2/(-2))/((-6)/90). Suppose -w*a = -7*a - 80. Let g = 0 + 30. What is the highest common factor of a and g?
10
Let r(w) = -3*w**2 + 20*w - 6. Let y(x) = x**2 - 3*x - 1. Let z(u) = -r(u) - 2*y(u). Let n be z(14). Calculate the greatest common divisor of n and 7.
1
Let l be -1*(0 - 14/(-2)) + 2. Let j be 5491/85 + 3/l. Calculate the greatest common factor of j and 64.
64
Let u = 50 - 63. Let r be (116 + 0)*u/(-26). Let t = r + -48. Calculate the greatest common divisor of t and 4.
2
Let p(b) = b**2 + 6*b + 10. Let x be p(-3). Let o be ((-50)/35)/((-3)/21) + x. Let z = 516 + -340. Calculate the highest common divisor of z and o.
11
Let f(x) = x**3 + 24*x**2 + 2*x + 53. Let t be f(-24). Suppose -2*w = -4*u - 92, -t*u - 4 = -14. What is the greatest common factor of 100 and w?
50
Let a be 315/90*(-150)/(-35). What is the highest common divisor of 1310 and a?
5
Let d = 74 - 50. Let u be (-384)/(-288) - 896/(-3). Calculate the greatest common factor of u and d.
12
Let y(k) = -56*k**3 - 5*k**2 + 21. Let c be y(-3). What is the highest common factor of 2046 and c?
186
Suppose -2*m = -z + 20, -5*m + 37 = 5*z - 3. What is the greatest common divisor of 3936 and z?
12
Suppose 34*n - 24*n = 17400. Calculate the highest common factor of n and 1015.
145
Let c be -475*(-21)/315*207. What is the highest common factor of c and 1425?
285
Let x = -42 - -54. Suppose 3*z + z - x = 0. Suppose z*g + 5 = -2*g + 5*v, 3*v = -g + 7. What is the highest common divisor of g and 7?
1
Let g(q) = q**3 - 16*q**2 + 13*q - 19. Let n be g(16). Let t(s) = -s + 5*s - s + 29 - 8. Let v be t(0). Calculate the highest common factor of v and n.
21
Let g(c) = 12*c**2 + 30*c + 6. Let j be g(-9). What is the greatest common factor of 21 and j?
3
Let m = 239 + -236. Suppose 5*a - 6*o - 375 = -o, m*o + 9 = 0. What is the highest common factor of a and 24?
24
Let p(i) = -21*i - 85. Let x(n) = -n**2 + 7*n + 1. Let d be x(8). Let y be p(d). What is the greatest common divisor of 2 and y?
2
Suppose 5*i = -4*j + 2*j + 312, -3*j = -i + 76. Let h(g) = 9 + 9 - 11 + 1 - i*g. Let u be h(-2). What is the highest common divisor of u and 17?
17
Let t(p) = 213*p**2 + 52*p - 4. Let h be t(1). What is the greatest common factor of 1218 and h?
87
Suppose 12*d = 51242 + 5206. Calculate the greatest common divisor of 12 and d.
12
Suppose 39*i + 90 = 40*i - 3*s, 2*i - s - 215 = 0. What is the greatest common divisor of 6 and i?
3
Suppose 0 = 2*y - 4*u + 93 + 83, 4*u + 398 = -5*y. Let x = -53 - y. Let p be x + -1 + (-14)/(-14). Calculate the highest common divisor of p and 261.
29
Let v be (-315)/42*(-4 - 4). Calculate the greatest common factor of 1305 and v.
15
Let k = -2089 - -4862. What is the highest common factor of k and 118?
59
Let w(q) = 2*q**3 - q**2 + 2*q - 27. Let p be w(0). Let f = 83 - p. Calculate the greatest common factor of f and 10.
10
Suppose -1912 = -23*a + 3*q + 5892, 721 = 2*a + 3*q. Let t = 63 - 8. Calculate the highest common factor of a and t.
11
Suppose 7*v + 52 = 3*v - 4*a, -3*a - 51 = 4*v. Let c be (v/(-6))/(-5 + 3462/690). Calculate the highest common divisor of 5 and c.
5
Let g be 2/(-9)*3*(14 - 8). Let l be 95 - (14 - 11)*g/(-6). Calculate the highest common divisor of l and 62.
31
Suppose 0 = -7*y + 11 + 59. Suppose 0 = o - 67*r + 68*r - 1112, -2218 = -2*o + r. Calculate the greatest common factor of y and o.
10
Let w be ((-3)/2)/(6*(-3)/1416). Let q = 98 + w. What is the highest common divisor of q and 24?
24
Suppose -6*w = -4*w - 7*p - 104, 0 = 2*w + 5*p - 32. What is the highest common factor of 8990 and w?
31
Let z = 363 - 535. Let d = z - -459. What is the highest common divisor of 82 and d?
41
Let r(z) = 113*z**2 - 8*z + 3. Let q be r(1). Suppose -74 + 26 = -4*t. Calculate the highest common factor of q and t.
12
Let o(g) = 3*g**2 - 9*g - 48. Let r be o(-4). Let p be (-135)/r*168/(-9). Let h = -50 + 70. Calculate the greatest common factor of p and h.
10
Suppose